se 7) in base 16?
-e08
2d4 (base 15) to base 7
1615
What is -3031 (base 4) in base 14?
-109
-556 (base 8) to base 2
-101101110
33031 (base 4) to base 15
44d
What is 88 (base 13) in base 2?
1110000
Convert 5a2 (base 14) to base 3.
1112120
Convert -514 (base 9) to base 10.
-418
What is -1220330 (base 4) in base 6?
-51032
-4e6 (base 16) to base 6
-5450
Convert 102012 (base 3) to base 8.
456
What is -4b69 (base 12) in base 15?
-281c
Convert 7a0 (base 15) to base 2.
11010111101
What is -1220 (base 5) in base 10?
-185
3028 (base 11) to base 6
30343
What is 6146 (base 9) in base 8?
10621
2623 (base 11) to base 7
12644
What is -325 (base 10) in base 8?
-505
What is -3ef4 (base 16) in base 5?
-1003431
What is -511 (base 10) in base 6?
-2211
What is -10932 (base 11) in base 14?
-5a61
-100010011 (base 2) to base 9
-335
Convert 30b8 (base 14) to base 9.
12456
Convert 3483 (base 15) to base 10.
11148
Convert 2101 (base 3) to base 4.
1000
Convert 38711 (base 10) to base 12.
1a49b
What is 3132 (base 6) in base 10?
704
Convert 111021 (base 3) to base 15.
18d
-1000001010 (base 2) to base 7
-1344
Convert 700 (base 13) to base 8.
2237
Convert -1a1 (base 13) to base 11.
-253
What is -1013003 (base 4) in base 10?
-4547
Convert 1743 (base 8) to base 2.
1111100011
Convert 110110101011 (base 2) to base 14.
13bd
Convert 4cb4 (base 16) to base 7.
111151
What is 1021 (base 6) in base 7?
445
What is 314 (base 6) in base 12?
9a
What is -197 (base 16) in base 14?
-211
-30000113 (base 4) to base 2
-1100000000010111
11101001100 (base 2) to base 9
2505
Convert 1484 (base 9) to base 14.
5a9
-16 (base 9) to base 15
-10
3500 (base 16) to base 7
54362
Convert -1101100100 (base 2) to base 6.
-4004
14609 (base 13) to base 12
1a258
Convert -235b (base 14) to base 3.
-22110001
What is 448 (base 10) in base 13?
286
Convert -2b7 (base 14) to base 7.
-1420
Convert -15146 (base 9) to base 8.
-24131
What is 811 (base 10) in base 11?
678
-1666 (base 9) to base 10
-1275
Convert -1001001 (base 2) to base 5.
-243
Convert -4 (base 7) to base 4.
-10
101000100011 (base 2) to base 4
220203
Convert -4e (base 15) to base 2.
-1001010
236a (base 11) to base 10
3101
What is 143 (base 11) in base 4?
2220
1002 (base 3) to base 5
104
-2330 (base 7) to base 4
-31112
Convert 2466 (base 7) to base 15.
420
202222 (base 3) to base 6
2342
What is 51 (base 13) in base 14?
4a
Convert -3327 (base 9) to base 6.
-15211
What is -4321 (base 8) in base 15?
-a07
Convert -181 (base 11) to base 8.
-322
Convert -2122120121 (base 3) to base 13.
-1a99b
Convert 26 (base 8) to base 13.
19
What is 229 (base 16) in base 7?
1420
100001 (base 2) to base 14
25
What is -1101010100 (base 2) in base 12?
-5b0
What is -2112 (base 11) in base 16?
-aec
-10044 (base 6) to base 12
-924
Convert -1111 (base 4) to base 7.
-151
4137 (base 8) to base 9
2841
Convert -922 (base 16) to base 11.
-1836
Convert 5577 (base 13) to base 12.
6aa0
Convert -289 (base 15) to base 3.
-210110
-103230200 (base 4) to base 12
-3a828
What is -24 (base 10) in base 7?
-33
-3516 (base 10) to base 14
-13d2
310210 (base 5) to base 12
599b
132520 (base 6) to base 12
7140
Convert -12011012 (base 3) to base 15.
-11a8
What is -211100 (base 7) in base 12?
-1909b
Convert -1011120 (base 3) to base 5.
-11402
580 (base 14) to base 4
101010
Convert -4596 (base 11) to base 4.
-1132102
What is -14505 (base 6) in base 14?
-bd7
1a0 (base 15) to base 10
375
What is 84aa (base 11) in base 16?
2bf4
445 (base 9) to base 8
555
Convert 3033 (base 5) to base 7.
1101
11214 (base 6) to base 4
120322
What is 682 (base 14) in base 2?
10100001010
-210200010 (base 3) to base 9
-23603
What is 734 (base 15) in base 7?
4510
Convert -228a0 (base 12) to base 2.
-1011010001111000
-151b (base 12) to base 11
-1947
Convert -1221 (base 4) to base 16.
-69
34211 (base 5) to base 4
211333
Convert -1032 (base 12) to base 5.
-24031
-1c0a (base 15) to base 12
-3631
What is 46326 (base 7) in base 11?
8984
What is -20552 (base 6) in base 9?
-3755
Convert -3621 (base 9) to base 14.
-da4
Convert 1101011001001 (base 2) to base 15.
2072
Convert -2703 (base 11) to base 10.
-3512
What is -3445 (base 6) in base 7?
-2252
645 (base 14) to base 6
5421
What is -2c6 (base 14) in base 2?
-1000110110
Convert 3803 (base 9) to base 16.
b16
What is -2203 (base 4) in base 6?
-431
-1324 (base 7) to base 16
-1fc
Convert 467 (base 14) to base 12.
60b
What is 116 (base 13) in base 4?
2330
-152151 (base 6) to base 7
-61006
642 (base 14) to base 16
4d2
What is 20222 (base 5) in base 6?
10024
What is -2241 (base 13) in base 7?
-16644
What is -101313 (base 5) in base 6?
-23233
What is 1000 (base 5) in base 8?
175
Convert c7 (base 14) to base 7.
340
Convert -b37b (base 14) to base 6.
-354545
-4a1 (base 11) to base 14
-307
What is 27a (base 14) in base 6?
2152
What is 201 (base 3) in base 16?
13
-51 (base 8) to base 14
-2d
Convert 55d (base 14) to base 2.
10000100111
-15c4 (base 13) to base 6
-22454
-b82 (base 15) to base 6
-20005
What is -592 (base 12) in base 4?
-30332
What is 11010110011 (base 2) in base 8?
3263
Convert 216 (base 14) to base 2.
110011100
Convert -1031 (base 6) to base 5.
-1420
What is -1031103 (base 6) in base 8?
-143157
Convert 320303 (base 7) to base 9.
83855
Convert -1443 (base 6) to base 13.
-23a
What is 1487 (base 11) in base 2?
11101110110
5a1 (base 15) to base 8
2374
Convert 2277 (base 9) to base 5.
23230
-1232304 (base 5) to base 16
-5e0f
1031 (base 4) to base 8
115
What is -145 (base 15) in base 6?
-1202
Convert 644 (base 9) to base 2.
1000001110
Convert 5a6 (base 11) to base 5.
10341
2399 (base 10) to base 9
3255
What is -179 (base 15) in base 4?
-11103
Convert -1020 (base 5) to base 4.
-2013
Convert 712 (base 10) to base 9.
871
Convert 2352 (base 10) to base 14.
c00
1201 (base 7) to base 16
1ba
Convert -15285 (base 15) to base 10.
-68075
20221120 (base 3) to base 16
13c8
What is -959 (base 10) in base 6?
-4235
Convert 6254 (base 16) to base 3.
1021112022
-b46b (base 12) to base 4
-10303103
Convert -1100 (base 6) to base 10.
-252
Convert -2102 (base 7) to base 12.
-515
Convert -133 (base 16) to base 13.
-1a8
Convert 42602 (base 8) to base 15.
5414
Convert -610c (base 13) to base 3.
-200022221
Convert -1261 (base 9) to base 14.
-4b8
Convert -701 (base 9) to base 11.
-477
What is -d4 (base 15) in base 14?
-103
What is -656 (base 14) in base 7?
-3436
Convert 26740 (base 9) to base 11.
12664
-212102010 (base 3) to base 11
-11906
What is -9d7 (base 14) in base 12?
-1169
65821 (base 9) to base 5
2344203
7b9 (base 16) to base 5
30402
Convert 1000100001101011 (base 2) to base 13.
12b85
What is -112 (base 14) in base 15?
-e2
What is 6034 (base 9) in base 13?
200b
-2042134 (base 5) to base 14
-c59a
Convert -282 (base 14) to base 8.
-772
What is -4b3 (base 14) in base 5?
-12231
Convert -22100 (base 3) to base 14.
-121
Convert 1011111101 (base 2) to base 16.
2fd
Convert 1620 (base 9) to base 7.
3411
Convert -25032 (base 6) to base 14.
-14ba
-1111000111110 (base 2) to base 15
-2462
675 (base 11) to base 16
328
-63651 (base 7) to base 4
-3312111
Convert -12112120 (base 3) to base 9.
-5476
a37 (base 16) to base 5
40430
What is 13230 (base 5) in base 15?
4b0
What is -60 (base 15) in base 9?
-110
100000110110101 (base 2) to base 5
1014241
What is -13b (base 15) in base 16?
-119
What is -11101110011 (base 2) in base 10?
-1907
Convert -42520 (base 8) to base 3.
-220100012
-413503 (base 7) to base 12
-3504a
What is 230334 (base 5) in base 12?
490b
What is 15768 (base 13) in base 15?
c160
Convert 2296 (base 10) to base 13.
1078
110221 (base 3) to base 5
2344
Convert -8b8 (base 14) to base 13.
-a31
What is 94a (base 15) in base 16?
82f
What is -441 (base 14) in base 8?
-1511
Convert -153175 (base 8) to base 9.
-83280
What is -4234210 (base 5) in base 15?
-16155
What is -22 (base 15) in base 13?
-26
9629 (base 11) to base 10
12736
What is -11676 (base 10) in base 14?
-4380
What is 5a92 (base 14) in base 10?
15808
What is 292 (base 13) in base 16?
1c9
6381 (base 9) to base 7
16450
-73067 (base 8) to base 15
-8e78
3578 (base 12) to base 10
5996
1030 (base 7) to base 11
301
Convert -2393 (base 11) to base 7.
-12055
Convert 5854 (base 10) to base 6.
43034
-24644 (base 8) to base 2
-10100110100100
What is -78c (base 14) in base 3?
-